{"id":365,"date":"2021-02-22T21:10:00","date_gmt":"2021-02-22T20:10:00","guid":{"rendered":"https:\/\/poli-sport.es\/?page_id=365"},"modified":"2023-05-25T19:44:37","modified_gmt":"2023-05-25T17:44:37","slug":"3-2","status":"publish","type":"page","link":"https:\/\/poli-sport.es\/?page_id=365","title":{"rendered":"Poli-Sport Club"},"content":{"rendered":"<p>[et_pb_section fb_built=\u00bb1&#8243; specialty=\u00bbon\u00bb _builder_version=\u00bb4.16&#8243; _module_preset=\u00bbdefault\u00bb custom_padding=\u00bb||0px|||\u00bb top_divider_style=\u00bbslant2&#8243; top_divider_color=\u00bb#cc3737&#8243; global_colors_info=\u00bb{}\u00bb][et_pb_column type=\u00bb3_4&#8243; specialty_columns=\u00bb3&#8243; _builder_version=\u00bb4.16&#8243; custom_padding=\u00bb|||\u00bb global_colors_info=\u00bb{}\u00bb custom_padding__hover=\u00bb|||\u00bb][et_pb_row_inner _builder_version=\u00bb4.16&#8243; locked=\u00bboff\u00bb global_colors_info=\u00bb{}\u00bb][et_pb_column_inner saved_specialty_column_type=\u00bb3_4&#8243; _builder_version=\u00bb4.16&#8243; custom_padding=\u00bb|||\u00bb global_colors_info=\u00bb{}\u00bb custom_padding__hover=\u00bb|||\u00bb][et_pb_image src=\u00bbhttps:\/\/poli-sport.es\/wp-content\/uploads\/2019\/05\/logo_poli-sport.png\u00bb align=\u00bbcenter\u00bb align_tablet=\u00bbcenter\u00bb align_phone=\u00bb\u00bb align_last_edited=\u00bbon|desktop\u00bb _builder_version=\u00bb4.16&#8243; global_colors_info=\u00bb{}\u00bb][\/et_pb_image][et_pb_image src=\u00bbhttps:\/\/poli-sport.es\/wp-content\/uploads\/2019\/05\/foto_principal-1.png\u00bb align_tablet=\u00bbcenter\u00bb align_phone=\u00bb\u00bb align_last_edited=\u00bbon|desktop\u00bb _builder_version=\u00bb4.16&#8243; border_radii=\u00bbon|11px|11px|11px|11px\u00bb global_colors_info=\u00bb{}\u00bb][\/et_pb_image][\/et_pb_column_inner][\/et_pb_row_inner][et_pb_row_inner _builder_version=\u00bb4.16&#8243; locked=\u00bboff\u00bb global_colors_info=\u00bb{}\u00bb][et_pb_column_inner saved_specialty_column_type=\u00bb3_4&#8243; _builder_version=\u00bb4.16&#8243; custom_padding=\u00bb|||\u00bb global_colors_info=\u00bb{}\u00bb custom_padding__hover=\u00bb|||\u00bb][et_pb_accordion _builder_version=\u00bb4.16&#8243; global_colors_info=\u00bb{}\u00bb][et_pb_accordion_item title=\u00bbQu\u00e9 hacemos&#8230;\u00bb open=\u00bbon\u00bb _builder_version=\u00bb4.16&#8243; global_colors_info=\u00bb{}\u00bb]<\/p>\n<p>Poli-Sport Club de Cartagena, tiene su actividad principal en el motociclismo, tanto en la especialidad de velocidad en asfalto como en las modalidades de campo ( enduro, motocross, trial, etc), y una actividad secundaria aunque no menos importante de futbol-sala.<\/p>\n<p>Dentro del club desarrollamos las siguientes actividades:<\/p>\n<ul>\n<li><span style=\"font-size: 14px;\">Motociclismo<\/span><\/li>\n<li>Organizaci\u00f3n de carreras de velocidad, enduro, trial, en campeonatos interregionales.<\/li>\n<li>Organizaci\u00f3n de eventos deportivos de exhibici\u00f3n como trial indoor.<\/li>\n<li>Participaci\u00f3n como Club en competiciones nacionales de motocross.<\/li>\n<li>Colaboraci\u00f3n con los pilotos de motocross que participan con Poli-Sport Club.<\/li>\n<li>Colaboraci\u00f3n con TeaMMurcia en el equipo de competici\u00f3n de velocidad.<\/li>\n<li>Organizaci\u00f3n de Tandas en circuitos permanentes para aficionados.<\/li>\n<li>Colaboraci\u00f3n en la instrucci\u00f3n de cursos para motoristas.<\/li>\n<li>F\u00fatbol-Sala<\/li>\n<li>Participaci\u00f3n como Club en competiciones locales y regionales de F\u00fatbol-sala.<\/li>\n<li>Escuela de iniciaci\u00f3n al f\u00fatbol-sala, para ni\u00f1os y ni\u00f1as.<\/li>\n<li>Organizaci\u00f3n de Campeonatos de f\u00fatbol-Sala.\u00a0<\/li>\n<\/ul>\n<p>[\/et_pb_accordion_item][et_pb_accordion_item title=\u00bbQuienes somos&#8230;\u00bb _builder_version=\u00bb4.16&#8243; global_colors_info=\u00bb{}\u00bb open=\u00bboff\u00bb]<\/p>\n<p>POLI-SPORT Club de Cartagena, es una asociaci\u00f3n privada con personalidad jur\u00eddica y capacidad de obrar, cuyo objeto exclusivo es el fomento y la practica de actividades f\u00edsico deportivas, sin \u00e1nimo de lucro, dentro del territorio de la Comunidad Aut\u00f3noma de la Regi\u00f3n de Murcia, sin perjuicio de la participaci\u00f3n en competiciones de \u00e1mbito nacional o en su caso internacional, formando equipo con los deportistas que pertenezcan a la entidad.<\/p>\n<p>POLI-SPORT Club de Cartagena, fue constituido en Cartagena, el 20 de junio de 2000, desde entonces ha gestionado las diferentes actividades deportivas que ha impulsado, y que en el \u201chist\u00f3rico\u201d de esta web se pueden consultar.<\/p>\n<p>EL Club est\u00e1 Federado en las federaciones de Motociclismo y F\u00fatbol de la Regi\u00f3n de Murcia, a la vez que est\u00e1 integrado en la Real Federaci\u00f3n Motociclista Espa\u00f1ola, donde es miembro y representante de la Clubes de la Regi\u00f3n de Murcia, en la Asamblea General de la citada federaci\u00f3n Espa\u00f1ola.<\/p>\n<p>El 20 de julio de 2010, la entidad cumpli\u00f3 su X ANIVERSARIO, diez a\u00f1os dedicados pr\u00e1cticamente a la competici\u00f3n deportiva federada, donde los miembros e integrantes del Club han ido creciendo, alcanzando una madurez y experiencia que ahora queremos aplicar en tanto en la realizaci\u00f3n de cursos y entrenamientos para pilotos j\u00f3venes, as\u00ed como destinar parte de los recursos para las rodadas de los aficionados al motociclismo, como practica recreativa en los circuitos permanentes de todo el territorio nacional.<\/p>\n<p>Los miembros de Poli-Sport Club de Cartagena, esperamos poder ofreceros unas actividades acordes a vuestras necesidades, no obstante estamos abiertos a cualquier sugerencia que nos sirva para mejorar nuestros servicios.<\/p>\n<p>[\/et_pb_accordion_item][et_pb_accordion_item title=\u00bbHist\u00f3rico&#8230;\u00bb _builder_version=\u00bb4.16&#8243; global_colors_info=\u00bb{}\u00bb open=\u00bboff\u00bb]<\/p>\n<p><span>A\u00d1O 2011\u00a0<\/span><br \/> <span>XIII TROFEO POLI-SPORT CARTAGENA<\/span><\/p>\n<p><span>A\u00d1O 2010\u00a0<\/span><br \/> <span>XII TROFEO POLI-SPORT CARTAGENA<\/span><\/p>\n<p><span>A\u00d1O 2009\u00a0<\/span><br \/> <span>XI TROFEO POLI-SPORT CARTAGENA<\/span><br \/> <span>X TROFEO POLI-SPORT CARTAGENA (SUSPENDIDO)<\/span><\/p>\n<p><span>A\u00d1O 2008\u00a0<\/span><br \/> <span>VI TROFEO POLI-SPORT CARTAGENA DE VELOCIDAD<\/span><br \/> <span>VII TROFEO POLI-SPORT CARTAGENA DE VELOCIDAD<\/span><br \/> <span>VIII TROFEO POLI-SPORT CARTAGENA DE VELOCIDAD<\/span><br \/> <span>IX TROFEO POLI-SPORT CARTAGENA DE VELOCIDAD<\/span><br \/> <span>VI ENDURO CIUDAD DE CARTAGENA<\/span><\/p>\n<p><span>A\u00d1O 2007<\/span><br \/> <span>VII CRONO ENDURO PUERTOS DE SANTA BARBARA<\/span><br \/> <span>III TROFEO DE VERANO DE VELOCIDAD DE CARTAGENA<\/span><br \/> <span>IV TROFEO DE VERANO DE VELOCIDAD DE CARTAGENA<\/span><br \/> <span>V TROFEO POLI-SPORT CARTAGENA DE VELOCIDAD<\/span><\/p>\n<p><span>A\u00d1O 2006<\/span><br \/> <span>VI CRONO ENDURO PUERTOS DE SANTA BARBARA<\/span><br \/> <span>V TRAMO ENDURO DE CARTAGENA<\/span><\/p>\n<p><span>A\u00d1O 2005<\/span><br \/> <span>V CRONO ENDURO PUERTOS STA BARBARA<\/span><br \/> <span>IV TRAMO ENDURO DE CARTAGENA<\/span><br \/> <span>A\u00d1O 2004<\/span><br \/> <span>II TRIAL CIUDAD DE CARTAGENA<\/span><br \/> <span>IV CRONO ENDURO PUERTOS STA BARBARA<\/span><br \/> <span>III TRAMO ENDURO DE CARTAGENA<\/span><\/p>\n<p><span>A\u00d1O 2003<\/span><br \/> <span>II TROFEO DE VERANO DE VELOCIDAD DE CARTAGENA<\/span><br \/> <span>III CRONO ENDURO PUERTOS STA BARBARA<\/span><br \/> <span>II TRAMO ENDURO DE CARTAGENA<\/span><\/p>\n<p><span>A\u00d1O 2002<\/span><br \/> <span>II CRONO ENDURO PUERTOS STA BARBARA<\/span><br \/> <span>I TROFEO DE VERANO DE VELOCIDAD DE CARTAGENA<\/span><br \/> <span>I TRAMO ENDURO DE CARTAGENA<\/span><\/p>\n<p><span>A\u00d1O 2001<\/span><br \/> <span>I TRIAL INDOOR CIUDAD DE CARTAGENA<\/span><br \/> <span>I CRONO ENDURO PUERTOS STA BARBARA<\/span><\/p>\n<p>[\/et_pb_accordion_item][\/et_pb_accordion][\/et_pb_column_inner][\/et_pb_row_inner][\/et_pb_column][et_pb_column type=\u00bb1_4&#8243; _builder_version=\u00bb4.16&#8243; custom_padding=\u00bb|||\u00bb global_colors_info=\u00bb{}\u00bb custom_padding__hover=\u00bb|||\u00bb][et_pb_text _builder_version=\u00bb4.16&#8243; _module_preset=\u00bbdefault\u00bb text_font=\u00bb|700|||||||\u00bb text_text_color=\u00bb#000000&#8243; text_font_size=\u00bb18px\u00bb background_color=\u00bbRGBA(0,0,0,0)\u00bb global_colors_info=\u00bb{}\u00bb]<\/p>\n<p>PATROCINADORES<\/p>\n<p>[\/et_pb_text][et_pb_image src=\u00bbhttps:\/\/poli-sport.es\/wp-content\/uploads\/2023\/05\/Logo-alta-resolucion.png\u00bb title_text=\u00bbLogo-alta-resolucion\u00bb url=\u00bbhttps:\/\/nitelmur.com\/\u00bb url_new_window=\u00bbon\u00bb _builder_version=\u00bb4.21.0&#8243; _module_preset=\u00bbdefault\u00bb custom_margin=\u00bb||17px|||\u00bb locked=\u00bboff\u00bb global_colors_info=\u00bb{}\u00bb][\/et_pb_image][et_pb_image src=\u00bbhttps:\/\/poli-sport.es\/wp-content\/uploads\/2021\/02\/FRAMOVIL.png\u00bb title_text=\u00bbFRAMOVIL\u00bb url=\u00bbhttps:\/\/es-es.facebook.com\/framovil.es\/\u00bb url_new_window=\u00bbon\u00bb _builder_version=\u00bb4.16&#8243; _module_preset=\u00bbdefault\u00bb custom_margin=\u00bb-16px||0px|||\u00bb custom_padding=\u00bb0px|||||\u00bb global_colors_info=\u00bb{}\u00bb][\/et_pb_image][et_pb_image src=\u00bbhttps:\/\/poli-sport.es\/wp-content\/uploads\/2021\/02\/italkit-logo.png\u00bb title_text=\u00bbitalkit-logo\u00bb url=\u00bbhttps:\/\/italkit.com\u00bb url_new_window=\u00bbon\u00bb _builder_version=\u00bb4.21.0&#8243; _module_preset=\u00bbdefault\u00bb custom_margin=\u00bb||-2px|||\u00bb custom_padding=\u00bb||0px|||\u00bb hover_enabled=\u00bb0&#8243; global_colors_info=\u00bb{}\u00bb sticky_enabled=\u00bb0&#8243;][\/et_pb_image][et_pb_image src=\u00bbhttps:\/\/poli-sport.es\/wp-content\/uploads\/2021\/02\/logo-cartagena-ciudad-de-tesoros-horizontal.bmp\u00bb title_text=\u00bblogo cartagena ciudad de tesoros horizontal\u00bb url=\u00bbhttps:\/\/turismo.cartagena.es\/\u00bb url_new_window=\u00bbon\u00bb _builder_version=\u00bb4.16&#8243; _module_preset=\u00bbdefault\u00bb custom_margin=\u00bb||-33px|||\u00bb custom_padding=\u00bb0px|||||\u00bb global_colors_info=\u00bb{}\u00bb][\/et_pb_image][et_pb_image src=\u00bbhttps:\/\/poli-sport.es\/wp-content\/uploads\/2022\/02\/carm1.png\u00bb title_text=\u00bbcarm1&#8243; url=\u00bbhttps:\/\/deportes.carm.es\/\u00bb url_new_window=\u00bbon\u00bb _builder_version=\u00bb4.16&#8243; _module_preset=\u00bbdefault\u00bb custom_margin=\u00bb||4px|||\u00bb custom_padding=\u00bb33px||0px|||\u00bb locked=\u00bboff\u00bb global_colors_info=\u00bb{}\u00bb][\/et_pb_image][et_pb_image src=\u00bbhttps:\/\/poli-sport.es\/wp-content\/uploads\/2021\/02\/petroline.png\u00bb title_text=\u00bbpetroline\u00bb url=\u00bbhttps:\/\/www.petroline.es\/\u00bb _builder_version=\u00bb4.16&#8243; _module_preset=\u00bbdefault\u00bb custom_margin=\u00bb||-3px|||\u00bb global_colors_info=\u00bb{}\u00bb][\/et_pb_image][et_pb_image src=\u00bbhttps:\/\/poli-sport.es\/wp-content\/uploads\/2021\/02\/Logo-La-Vianderadef-scaled.jpg\u00bb title_text=\u00bbLogo La Vianderadef\u00bb url=\u00bbhttps:\/\/es-es.facebook.com\/pages\/category\/Grocery-Store\/La-Viandera-832551933542422\/\u00bb url_new_window=\u00bbon\u00bb _builder_version=\u00bb4.16&#8243; _module_preset=\u00bbdefault\u00bb custom_margin=\u00bb||2px|||\u00bb custom_padding=\u00bb0px|||||\u00bb global_colors_info=\u00bb{}\u00bb][\/et_pb_image][et_pb_image src=\u00bbhttps:\/\/poli-sport.es\/wp-content\/uploads\/2021\/02\/logorfme-ok-1.png\u00bb title_text=\u00bblogorfme-ok\u00bb url=\u00bbhttp:\/\/www.rfme.com\/\u00bb url_new_window=\u00bbon\u00bb _builder_version=\u00bb4.16&#8243; _module_preset=\u00bbdefault\u00bb custom_margin=\u00bb0px||12px|||\u00bb global_colors_info=\u00bb{}\u00bb][\/et_pb_image][et_pb_image src=\u00bbhttps:\/\/poli-sport.es\/wp-content\/uploads\/2021\/02\/cev-logo-slide.png\u00bb title_text=\u00bbcev-logo-slide\u00bb url=\u00bbhttps:\/\/www.fimcevrepsol.com\/\u00bb url_new_window=\u00bbon\u00bb _builder_version=\u00bb4.16&#8243; _module_preset=\u00bbdefault\u00bb custom_margin=\u00bb||8px|||\u00bb global_colors_info=\u00bb{}\u00bb][\/et_pb_image][et_pb_image src=\u00bbhttps:\/\/poli-sport.es\/wp-content\/uploads\/2021\/02\/civ.png\u00bb title_text=\u00bbciv\u00bb url=\u00bbhttps:\/\/motociv.net\u00bb url_new_window=\u00bbon\u00bb _builder_version=\u00bb4.16&#8243; _module_preset=\u00bbdefault\u00bb global_colors_info=\u00bb{}\u00bb][\/et_pb_image][et_pb_image src=\u00bbhttps:\/\/poli-sport.es\/wp-content\/uploads\/2021\/02\/FMRM-1.png\u00bb title_text=\u00bbFMRM\u00bb url=\u00bbhttp:\/\/www.fmrm.org\/\u00bb url_new_window=\u00bbon\u00bb _builder_version=\u00bb4.16&#8243; _module_preset=\u00bbdefault\u00bb custom_margin=\u00bb||50px|||\u00bb global_colors_info=\u00bb{}\u00bb][\/et_pb_image][\/et_pb_column][\/et_pb_section][et_pb_section fb_built=\u00bb1&#8243; _builder_version=\u00bb4.16&#8243; _module_preset=\u00bbdefault\u00bb custom_padding=\u00bb0px|||||\u00bb top_divider_color=\u00bbrgba(224,7,0,0.34)\u00bb top_divider_height=\u00bb9px\u00bb global_colors_info=\u00bb{}\u00bb][et_pb_row _builder_version=\u00bb4.16&#8243; _module_preset=\u00bbdefault\u00bb border_width_top=\u00bb1px\u00bb border_color_top=\u00bb#E02B20&#8243; global_colors_info=\u00bb{}\u00bb][et_pb_column type=\u00bb4_4&#8243; _builder_version=\u00bb4.16&#8243; _module_preset=\u00bbdefault\u00bb global_colors_info=\u00bb{}\u00bb][et_pb_text _builder_version=\u00bb4.16&#8243; custom_padding=\u00bb||0px|||\u00bb global_colors_info=\u00bb{}\u00bb]<\/p>\n<h3 style=\"text-align: left; padding-left: 60px;\"><strong>ASOCIADOS<\/strong><\/h3>\n<p>[\/et_pb_text][\/et_pb_column][\/et_pb_row][et_pb_row column_structure=\u00bb1_4,1_4,1_4,1_4&#8243; _builder_version=\u00bb4.16&#8243; _module_preset=\u00bbdefault\u00bb custom_padding=\u00bb0px|||||\u00bb global_colors_info=\u00bb{}\u00bb][et_pb_column type=\u00bb1_4&#8243; _builder_version=\u00bb4.16&#8243; _module_preset=\u00bbdefault\u00bb global_colors_info=\u00bb{}\u00bb][et_pb_image src=\u00bbhttps:\/\/poli-sport.es\/wp-content\/uploads\/2021\/02\/SERVI-2.png\u00bb title_text=\u00bbSERVI\u00bb url=\u00bbhttps:\/\/poli-sport.es\/?page_id=92&#8243; align=\u00bbcenter\u00bb align_tablet=\u00bbcenter\u00bb align_phone=\u00bb\u00bb align_last_edited=\u00bbon|desktop\u00bb _builder_version=\u00bb4.16&#8243; custom_padding=\u00bb0px|0px||||\u00bb animation_direction=\u00bbtop\u00bb global_colors_info=\u00bb{}\u00bb][\/et_pb_image][\/et_pb_column][et_pb_column type=\u00bb1_4&#8243; _builder_version=\u00bb4.16&#8243; _module_preset=\u00bbdefault\u00bb global_colors_info=\u00bb{}\u00bb][et_pb_image src=\u00bbhttps:\/\/poli-sport.es\/wp-content\/uploads\/2021\/02\/cartagena-motorsport.png\u00bb title_text=\u00bbcartagena motorsport\u00bb _builder_version=\u00bb4.16&#8243; _module_preset=\u00bbdefault\u00bb custom_padding=\u00bb0px|0px|0px|0px||\u00bb global_colors_info=\u00bb{}\u00bb][\/et_pb_image][\/et_pb_column][et_pb_column type=\u00bb1_4&#8243; _builder_version=\u00bb4.16&#8243; _module_preset=\u00bbdefault\u00bb global_colors_info=\u00bb{}\u00bb][et_pb_image src=\u00bbhttps:\/\/poli-sport.es\/wp-content\/uploads\/2021\/02\/EQUIPO-ESCUELA.png\u00bb title_text=\u00bbEQUIPO ESCUELA\u00bb src_last_edited=\u00bboff|desktop\u00bb _builder_version=\u00bb4.16&#8243; _module_preset=\u00bbdefault\u00bb custom_padding=\u00bb0px|||||\u00bb global_colors_info=\u00bb{}\u00bb][\/et_pb_image][\/et_pb_column][et_pb_column type=\u00bb1_4&#8243; _builder_version=\u00bb4.16&#8243; _module_preset=\u00bbdefault\u00bb global_colors_info=\u00bb{}\u00bb][et_pb_image src=\u00bbhttps:\/\/poli-sport.es\/wp-content\/uploads\/2021\/02\/ammo.png\u00bb title_text=\u00bbammo\u00bb _builder_version=\u00bb4.16&#8243; _module_preset=\u00bbdefault\u00bb custom_padding=\u00bb0px||0px|||\u00bb global_colors_info=\u00bb{}\u00bb][\/et_pb_image][\/et_pb_column][\/et_pb_row][\/et_pb_section]<\/p>\n","protected":false},"excerpt":{"rendered":"<p>Poli-Sport Club de Cartagena, tiene su actividad principal en el motociclismo, tanto en la especialidad de velocidad en asfalto como en las modalidades de campo ( enduro, motocross, trial, etc), y una actividad secundaria aunque no menos importante de futbol-sala. Dentro del club desarrollamos las siguientes actividades: Motociclismo Organizaci\u00f3n de carreras de velocidad, enduro, trial, [&hellip;]<\/p>\n","protected":false},"author":1,"featured_media":0,"parent":0,"menu_order":0,"comment_status":"closed","ping_status":"closed","template":"","meta":{"_et_pb_use_builder":"on","_et_pb_old_content":"","_et_gb_content_width":"","footnotes":""},"class_list":["post-365","page","type-page","status-publish","hentry"],"_links":{"self":[{"href":"https:\/\/poli-sport.es\/index.php?rest_route=\/wp\/v2\/pages\/365","targetHints":{"allow":["GET"]}}],"collection":[{"href":"https:\/\/poli-sport.es\/index.php?rest_route=\/wp\/v2\/pages"}],"about":[{"href":"https:\/\/poli-sport.es\/index.php?rest_route=\/wp\/v2\/types\/page"}],"author":[{"embeddable":true,"href":"https:\/\/poli-sport.es\/index.php?rest_route=\/wp\/v2\/users\/1"}],"replies":[{"embeddable":true,"href":"https:\/\/poli-sport.es\/index.php?rest_route=%2Fwp%2Fv2%2Fcomments&post=365"}],"version-history":[{"count":10,"href":"https:\/\/poli-sport.es\/index.php?rest_route=\/wp\/v2\/pages\/365\/revisions"}],"predecessor-version":[{"id":607,"href":"https:\/\/poli-sport.es\/index.php?rest_route=\/wp\/v2\/pages\/365\/revisions\/607"}],"wp:attachment":[{"href":"https:\/\/poli-sport.es\/index.php?rest_route=%2Fwp%2Fv2%2Fmedia&parent=365"}],"curies":[{"name":"wp","href":"https:\/\/api.w.org\/{rel}","templated":true}]}}